 u and 13.
13
Suppose 0 = o + 5*n + 7, -o - 2*o - 1 = -5*n. Let k be ((-36)/(-20))/(o/(-10)). Calculate the highest common factor of k and 72.
9
Let f = 19 - 1. Let w(z) = z**2 - 6*z. Let a be w(6). Let l be 6*(a - 2/(-2)). Calculate the highest common divisor of l and f.
6
Suppose 3*h = h + 378. What is the highest common factor of 21 and h?
21
Let j = -11 - -6. Let q be (-1 + -1)*(j - 5). Calculate the highest common divisor of 20 and q.
20
Let s(g) = g**3 - 13*g**2 - 13*g + 30. Let p be s(14). What is the greatest common factor of p and 22?
22
Suppose -3*g + b = 3*b - 22, g - 2*b + 6 = 0. Let d be 22/(-2*(-3)/(-6)). Let p = 54 + d. What is the highest common factor of g and p?
4
Let j(t) = t - 1. Let m(w) = -w - 7. Let z be m(-6). Let b be j(z). Let y be b*1*(-2 - -1). What is the greatest common divisor of 22 and y?
2
Let h = 1 - -4. Let k = -3 + h. Let w be (10/(-4))/((-2)/8). Calculate the greatest common factor of w and k.
2
Let w(d) = -d**3 - 9*d**2 - 6*d - 1. Let h be w(-9). Let s be (h - -2) + (0 - 0). What is the greatest common factor of s and 11?
11
Suppose -163 = -4*f - 19. Calculate the greatest common divisor of f and 9.
9
Suppose 0 = -5*k - 4*d + 80, 0 = 2*k - 5*d + 2*d - 9. Let v be 2*-6*(-40)/k. Suppose -8*y = -3*y - v. Calculate the highest common divisor of y and 24.
8
Let t = 19 - 6. Suppose 0 = 5*p - 20 + 5. Suppose -4*g - 3*a + 372 = -5*a, -5*g + p*a + 467 = 0. Calculate the highest common factor of t and g.
13
Let m be (-50)/15*24/(-20). Let b be -2*(2 + 1 - m). Calculate the highest common factor of b and 8.
2
Let k = 120 - 48. Let s be 204/26 + (-10)/(-65). What is the highest common factor of k and s?
8
Let p(h) = -43*h + 1. Let c be p(-2). Suppose 0 = -2*l + c + 71. Suppose 4*f = d + l, -97 = -5*f + 2*d + d. Calculate the greatest common factor of f and 5.
5
Suppose 0 = -2*s + 4*p + 14, -7*p = 3*s - 2*p - 10. Suppose 2*m = s*m - 18. Let q = 20 + -14. Calculate the greatest common factor of m and q.
6
Suppose 4*r = 3*l + 79, l + 1 = r - 20. Calculate the greatest common factor of r and 112.
16
Let a(f) = 2*f - 9. Let j be a(6). Suppose p = 3*i + 7 - j, 3*p = -4*i - 14. Let u be 51 + i/(2/1). Calculate the greatest common divisor of u and 10.
10
Let l(z) = 79*z**2 + z. Let x be l(1). Let d be (1 - (2 + 2)) + x. What is the highest common factor of d and 11?
11
Let d be (-1 - 114/(-7)) + 8/(-28). What is the greatest common factor of d and 12?
3
Let d = 25 - -128. What is the highest common factor of 17 and d?
17
Let h(o) = -18*o - 4. Let i be h(-2). Let t = -11 - -7. Let z be 573/12 + (-1)/t. What is the greatest common divisor of i and z?
16
Let b(m) = -m**3 + 11. Let g be b(0). Suppose -4*q + 240 = -156. What is the greatest common factor of q and g?
11
Let c = -23 + 26. What is the greatest common factor of 6 and c?
3
Suppose 20 = -0*l + 4*l, -2*f = 3*l - 19. Suppose f = -j + 18. Calculate the greatest common factor of 16 and j.
16
Let i = 13 + 5. Let z = 3128 - 6688. Let r be 10/55 + z/(-22). Calculate the greatest common divisor of i and r.
18
Suppose 0 = 13*x - 10*x - 210. Calculate the highest common divisor of x and 14.
14
Suppose -4*r = 3*m - 12, -3*m + 27 + 6 = -3*r. Let j be (m - (-1 - 2))*1. Calculate the highest common divisor of j and 11.
11
Let d(f) = 120*f + 1. Let q be d(1). Calculate the greatest common divisor of q and 11.
11
Let q be (-1)/5 - 0 - 2541/(-105). What is the highest common divisor of 40 and q?
8
Let x = 38 + 115. Let h = -43 - -60. Let w = 0 + h. What is the greatest common factor of x and w?
17
Let h = 3 + 29. Suppose 4*v = -5*m + 31, -m + 6 - 23 = -5*v. Suppose -v*x + 0 + 20 = n, 0 = 2*x - 3*n + 4. Calculate the greatest common factor of h and x.
4
Suppose -24 = -2*q + 6. Suppose 5*y - 3*y - 6 = 0. Suppose 0 = -w + y. Calculate the highest common factor of w and q.
3
Let g(a) = 2*a + 14. Let l be g(-6). Calculate the greatest common divisor of 5 and l.
1
Suppose 8*f - 533 = -5*f. What is the greatest common factor of f and 41?
41
Let x(y) = y**2 - y. Let d be x(-4). Suppose 30 = q - 5*j - 0*j, -15 = -q + 2*j. What is the greatest common divisor of d and q?
5
Let o be 48 - (1 + 0)*(2 + -2). What is the highest common factor of o and 6?
6
Let k = 105 - 98. Calculate the greatest common factor of 35 and k.
7
Suppose 0 = 7*d - 4*d. Let o = d - -2. Suppose -6*i = -o*i - 40. Calculate the highest common divisor of i and 25.
5
Suppose -f - 2 + 1 = -c, 5*c - 13 = 3*f. Suppose f*b + 78 = 5*s, 3*b + 2*b + 38 = 2*s. Calculate the highest common divisor of s and 14.
14
Let u(o) = -26*o - 12. Let v be u(-3). What is the highest common divisor of 6 and v?
6
Let o(i) = -i - 6. Let v be o(-13). Let w = 23 - 16. Calculate the greatest common divisor of v and w.
7
Let i be (-2)/(-3)*(-15)/(-2). Calculate the highest common factor of 5 and i.
5
Let c be 0 - (-1 + 1 - 13). Let u(p) = p - 7. Let n be u(c). Calculate the greatest common divisor of 30 and n.
6
Let b(a) = a + 4. Let n be b(-2). Calculate the highest common divisor of n and 1.
1
Let b be (114/24)/(3/12). Let n = b - 11. Let q(c) = 43*c + 2. Let l be q(2). What is the highest common divisor of l and n?
8
Let t(q) = q**2 - 5*q - 4. Let v be t(8). Calculate the greatest common divisor of 60 and v.
20
Let y = 94 + -64. Calculate the highest common divisor of 40 and y.
10
Let q = -7 + 17. What is the greatest common factor of 10 and q?
10
Suppose 8*c = 3*c + 200. What is the greatest common divisor of 5 and c?
5
Suppose -5*o + 18 - 3 = 0. Suppose k - o = -2*k. Suppose -1 = -4*a + 3. Calculate the greatest common factor of a and k.
1
Suppose -2 - 19 = -g. Let t(p) = -10*p + 5. Let j be t(-5). Suppose 4*x - j = -i, 4*i = x - 7 - 11. Calculate the greatest common divisor of x and g.
7
Suppose -4*a + y = -0*y - 50, -2*a + y + 26 = 0. Calculate the greatest common divisor of a and 12.
12
Suppose q + 12 = 5*q. Suppose -f + 37 = -2*u + q, -4*u = -8. Calculate the highest common divisor of 95 and f.
19
Let r be 6*(1 + 2 + -1). Let v be 1*-1*(8 + -13). Suppose l = -z + 10, -27 + v = -3*l - z. Calculate the greatest common factor of r and l.
6
Let g(o) = -o**3 - 3*o**2 + 7*o + 2. Let b be g(-5). Let d be 17 - (-2)/(5 - 3). Let x = d + b. What is the highest common divisor of x and 7?
7
Suppose 5*u - 108 = 3*u. What is the highest common divisor of 6 and u?
6
Let b(o) = -o**3 - 7*o**2 - 2*o + 2. Let s be b(-7). Let m = 0 + s. Calculate the highest common divisor of m and 40.
8
Suppose 2*z = -2*c + 54, 4*z + 4*c = z + 82. Suppose -2*w - z = -0*w. Let y = w - -23. Calculate the greatest common divisor of y and 40.
10
Let y = 8 - 8. Suppose 0*n + 2*n = y. Suppose n = 2*l - 6, 4*u + 0*l = l + 481. Calculate the highest common divisor of u and 11.
11
Let z = 27 - 8. Suppose -r - 5*g + 0 = 4, -g = 2*r - z. What is the greatest common divisor of 22 and r?
11
Suppose 0 = n + n + 2*d - 1046, -n + 533 = -d. What is the highest common factor of 48 and n?
48
Suppose 0 = -0*l + 3*l - 6, 0 = 5*b + l - 62. Calculate the highest common factor of 6 and b.
6
Let w(x) = 3*x**2 - 12*x - 7. Let j be w(5). Calculate the highest common divisor of 88 and j.
8
Let v be -2 - (0 - (2 + 30)). Let f(s) = s**2 - 4*s + 5. Let n be f(5). Calculate the greatest common factor of v and n.
10
Let c(o) = 6*o - 1. Suppose -2*w - 6 = -2*z, -w = -0*w - 5*z + 23. Let d be c(w). Suppose 3*g = d + 16. Calculate the greatest common factor of 9 and g.
9
Suppose 5*v - 2*o - 40 = 127, -3*v = -3*o - 102. What is the greatest common divisor of v and 22?
11
Let m = 9 - 5. Calculate the highest common factor of 16 and m.
4
Suppose 2*r + 18 = 102. Let m = -38 - -52. What is the greatest common divisor of r and m?
14
Suppose -t = 3*k + 35, -3*k = k + 4*t + 44. Let n be (k/(-9))/(2/33). Calculate the highest common divisor of 11 and n.
11
Suppose 4 = 4*a - 2*a. Let u = a + 12. Calculate the greatest common divisor of u and 14.
14
Suppose 0 = -g - 0*x + 3*x + 38, -5*g + 166 = -3*x. Suppose 5*j = -g + 102. Suppose -15 = -2*d + 13. Calculate the greatest common factor of d and j.
14
Let q be (-28 + 4)*(-12)/16. What is the highest common divisor of q and 144?
18
Let y = 38 + -16. Suppose -b = 4*k + 2*b - 44, 2*k - y = 2*b. What is the greatest common divisor of k and 99?
11
Let v(m) = 22*m**2 + 2*m - 1. Let